mon divisor of 19719 and 405.
9
What is the highest common divisor of 7337 and 69?
23
What is the highest common factor of 1042 and 1586445?
521
Calculate the highest common divisor of 14154 and 11458.
674
What is the highest common factor of 21 and 7413?
21
What is the highest common factor of 7225 and 221?
17
Calculate the highest common factor of 8768 and 1781.
137
What is the greatest common factor of 40528 and 4896?
272
What is the highest common divisor of 11 and 53009?
11
What is the highest common factor of 266 and 10070?
38
Calculate the highest common factor of 4111173 and 1268.
317
What is the greatest common factor of 12334 and 56?
14
What is the greatest common divisor of 2376 and 3726756?
1188
Calculate the highest common factor of 3113849 and 283.
283
Calculate the highest common divisor of 20 and 152015.
5
What is the greatest common factor of 252156 and 12?
12
Calculate the greatest common divisor of 102 and 16626.
102
What is the greatest common divisor of 27 and 679032?
9
What is the greatest common factor of 1912 and 1256?
8
Calculate the greatest common factor of 2109 and 912.
57
What is the greatest common divisor of 5734 and 1316?
94
Calculate the greatest common factor of 6027 and 16933.
287
Calculate the highest common divisor of 6 and 35889.
3
What is the greatest common factor of 10974 and 558?
186
What is the highest common factor of 208005 and 3675?
735
What is the highest common divisor of 121 and 473?
11
What is the highest common divisor of 1969 and 18711?
11
What is the greatest common factor of 1294888 and 76?
76
Calculate the highest common factor of 7990 and 850.
170
Calculate the greatest common divisor of 34 and 241519.
17
What is the highest common divisor of 384 and 14336?
128
Calculate the greatest common factor of 6894 and 657.
9
Calculate the greatest common divisor of 3554840 and 724.
724
Calculate the greatest common factor of 1526 and 48328.
14
What is the greatest common factor of 18 and 19854?
18
Calculate the highest common factor of 38 and 208563.
19
What is the greatest common divisor of 1176 and 48624?
24
What is the highest common divisor of 5 and 2245?
5
Calculate the highest common factor of 3625 and 799675.
725
Calculate the highest common factor of 15018 and 24.
6
What is the greatest common factor of 3638938 and 1878?
626
Calculate the greatest common divisor of 778331 and 29.
29
What is the greatest common factor of 11990 and 414200?
1090
Calculate the highest common divisor of 12936 and 6072.
264
Calculate the highest common divisor of 75677 and 95.
19
What is the highest common divisor of 49610 and 20910?
410
What is the greatest common factor of 236716 and 124?
124
Calculate the greatest common factor of 30 and 67962.
6
What is the highest common divisor of 222 and 201354?
222
Calculate the highest common factor of 424 and 8798.
106
What is the highest common divisor of 278116 and 69?
23
Calculate the greatest common factor of 873 and 16563.
3
What is the greatest common divisor of 525 and 85155?
105
Calculate the highest common factor of 26204 and 4.
4
What is the highest common divisor of 125725 and 123375?
1175
Calculate the greatest common divisor of 1072 and 645277.
67
What is the highest common factor of 68 and 127364?
68
Calculate the greatest common divisor of 812 and 478848.
116
Calculate the highest common factor of 648 and 7912.
8
What is the greatest common factor of 88 and 22924?
44
Calculate the highest common factor of 30 and 168788.
2
Calculate the greatest common divisor of 63934 and 442.
26
Calculate the greatest common factor of 883804 and 380.
76
What is the greatest common factor of 1910 and 235885?
955
Calculate the highest common divisor of 20347 and 4.
1
What is the greatest common divisor of 1312230 and 996?
498
Calculate the greatest common divisor of 549 and 3663.
9
Calculate the highest common factor of 5368644 and 3940.
788
What is the highest common divisor of 3290 and 1410?
470
Calculate the greatest common divisor of 476465 and 440.
55
What is the greatest common divisor of 419585 and 310?
155
What is the highest common factor of 32853 and 8319?
141
What is the greatest common factor of 23115395 and 865?
865
What is the highest common factor of 2417195 and 1857?
619
Calculate the highest common factor of 45 and 40305.
15
What is the greatest common divisor of 720 and 1332?
36
Calculate the highest common divisor of 45 and 48885.
15
What is the highest common factor of 1517244 and 708?
708
Calculate the highest common factor of 82272 and 3.
3
Calculate the highest common factor of 176 and 256.
16
Calculate the highest common factor of 18865 and 1540.
385
What is the highest common factor of 1061855 and 530?
265
What is the highest common divisor of 372730 and 30?
10
Calculate the highest common divisor of 46 and 15502.
46
What is the highest common divisor of 120 and 11976?
24
What is the greatest common factor of 33 and 546513?
33
Calculate the greatest common divisor of 14837 and 4411.
401
What is the greatest common divisor of 14625 and 4329?
117
What is the greatest common factor of 2652 and 2346?
102
Calculate the greatest common divisor of 202 and 4411882.
202
Calculate the highest common factor of 956365 and 285.
95
What is the highest common divisor of 19907 and 68?
17
Calculate the highest common divisor of 1224 and 170712.
72
Calculate the greatest common divisor of 420 and 6336.
12
Calculate the greatest common divisor of 520 and 223730.
130
Calculate the highest common factor of 35 and 667765.
35
Calculate the highest common factor of 1778779 and 626.
313
Calculate the highest common factor of 12 and 572808.
12
Calculate the highest common factor of 2778960 and 264.
24
Calculate the highest common divisor of 576 and 54848.
64
What is the highest common divisor of 11058 and 722?
38
Calculate the greatest common factor of 124 and 1900.
4
What is the greatest common factor of 645079 and 31?
31
What is the highest common divisor of 120908 and 1670?
334
What is the highest common factor of 3510 and 273455?
65
What is the greatest common factor of 57499 and 871?
13
What is the greatest common factor of 500 and 24350?
50
What is the greatest common factor of 2470992 and 48?
48
What is the highest common divisor of 160400 and 650?
50
What is the greatest common factor of 208 and 12128?
16
Calculate the greatest common divisor of 48945 and 78.
39
Calculate the highest common factor of 15135 and 5.
5
What is the highest common divisor of 24612 and 1036?
28
What is the greatest common divisor of 892 and 5488922?
446
Calculate the highest common factor of 49 and 1267483.
49
What is the highest common divisor of 503858 and 6?
2
What is the greatest common factor of 392 and 93352?
56
What is the highest common divisor of 186 and 187426?
62
Calculate the highest common factor of 36 and 576684.
36
Calculate the greatest common factor of 410 and 94.
2
What is the highest common factor of 597800 and 61?
61
What is the greatest common divisor of 1024 and 32896?
128
Calculate the greatest common divisor of 172290 and 120.
30
Calculate the highest common divisor of 901 and 13787.
17
What is the highest common divisor of 193 and 8535618?
193
What is the greatest common divisor of 144 and 300264?
24
Calculate the greatest common factor of 11455 and 116290.
145
What is the highest common divisor of 17 and 1273861?
17
Calculate the greatest common divisor of 18 and 85023.
9
Calculate the highest common factor of 11125 and 445.
445
What is the greatest common factor of 67266 and 999?
333
What is the highest common divisor of 72 and 69624?
72
What is the greatest common divisor of 1566 and 5974?
58
What is the highest common divisor of 299 and 85735?
13
What is the highest common divisor of 341319 and 4?
1
Calculate the greatest common factor of 2235 and 13.
1
Calculate the greatest common factor of 376 and 367963.
47
What is the highest common factor of 236284 and 76?
76
What is the greatest common divisor of 5886 and 150?
6
What is the highest common factor of 529 and 4990057?
529
What is the highest common factor of 581317 and 989?
43
What is the greatest common divisor of 296 and 3832?
8
What is the highest common divisor of 16590 and 35?
35
What is the high